
What is the hundred thousands digit of 5268539?
2
What is the hundreds digit of 221940?
9
What is the tens digit of 333707?
0
What is the hundreds digit of 11999172?
1
What is the units digit of 1872134?
4
What is the units digit of 175694?
4
What is the hundred thousands digit of 153849?
1
What is the ten thousands digit of 188771?
8
What is the tens digit of 749864?
6
What is the thousands digit of 2294904?
4
What is the tens digit of 702021?
2
What is the units digit of 1212775?
5
What is the ten thousands digit of 14636320?
3
What is the hundreds digit of 291008?
0
What is the ten thousands digit of 426540?
2
What is the tens digit of 406104?
0
What is the hundreds digit of 22960450?
4
What is the ten thousands digit of 216530?
1
What is the hundred thousands digit of 18113972?
1
What is the ten thousands digit of 8032952?
3
What is the hundreds digit of 228128?
1
What is the tens digit of 365237?
3
What is the tens digit of 237505?
0
What is the hundred thousands digit of 206868?
2
What is the hundreds digit of 10305?
3
What is the units digit of 2857885?
5
What is the hundreds digit of 2518826?
8
What is the tens digit of 689992?
9
What is the tens digit of 1128931?
3
What is the hundred thousands digit of 8939621?
9
What is the thousands digit of 128237?
8
What is the hundred thousands digit of 1127026?
1
What is the millions digit of 6370761?
6
What is the units digit of 4004431?
1
What is the ten millions digit of 30906466?
3
What is the tens digit of 8773204?
0
What is the ten thousands digit of 7743429?
4
What is the millions digit of 5981845?
5
What is the millions digit of 13988599?
3
What is the tens digit of 189806?
0
What is the millions digit of 1132392?
1
What is the hundreds digit of 521952?
9
What is the tens digit of 4460846?
4
What is the tens digit of 1615049?
4
What is the hundreds digit of 1639?
6
What is the thousands digit of 3790618?
0
What is the millions digit of 2639999?
2
What is the hundreds digit of 961678?
6
What is the tens digit of 440211?
1
What is the hundreds digit of 415296?
2
What is the ten thousands digit of 483183?
8
What is the hundred thousands digit of 893192?
8
What is the millions digit of 1881224?
1
What is the hundreds digit of 10111?
1
What is the units digit of 20032689?
9
What is the ten thousands digit of 279834?
7
What is the tens digit of 2371593?
9
What is the hundreds digit of 2858365?
3
What is the hundred thousands digit of 30997003?
9
What is the units digit of 134306?
6
What is the hundreds digit of 5042583?
5
What is the ten thousands digit of 1561309?
6
What is the hundred thousands digit of 463067?
4
What is the hundreds digit of 2341594?
5
What is the tens digit of 1117853?
5
What is the hundreds digit of 801222?
2
What is the tens digit of 663427?
2
What is the hundreds digit of 352416?
4
What is the thousands digit of 1710931?
0
What is the tens digit of 12355649?
4
What is the hundreds digit of 2001638?
6
What is the units digit of 33978437?
7
What is the ten thousands digit of 349310?
4
What is the hundreds digit of 131113?
1
What is the hundreds digit of 165701?
7
What is the tens digit of 412897?
9
What is the hundreds digit of 32743529?
5
What is the ten millions digit of 12343479?
1
What is the ten thousands digit of 151666?
5
What is the tens digit of 2741530?
3
What is the thousands digit of 123921?
3
What is the hundreds digit of 606028?
0
What is the hundred thousands digit of 602953?
6
What is the millions digit of 1866527?
1
What is the hundreds digit of 4391318?
3
What is the ten thousands digit of 12164354?
6
What is the thousands digit of 446173?
6
What is the ten thousands digit of 5105270?
0
What is the units digit of 9116693?
3
What is the units digit of 6022538?
8
What is the units digit of 865316?
6
What is the thousands digit of 276873?
6
What is the ten millions digit of 18250297?
1
What is the hundreds digit of 1840468?
4
What is the hundred thousands digit of 454709?
4
What is the millions digit of 4767030?
4
What is the tens digit of 116387?
8
What is the millions digit of 24530019?
4
What is the hundreds digit of 17690215?
2
What is the units digit of 293857?
7
What is the tens digit of 527316?
1
What is the ten thousands digit of 155562?
5
What is the hundreds digit of 2718557?
5
What is the thousands digit of 3026006?
6
What is the tens digit of 120881?
8
What is the thousands digit of 2717363?
7
What is the tens digit of 189591?
9
What is the units digit of 1062716?
6
What is the ten thousands digit of 18872924?
7
What is the hundreds digit of 388661?
6
What is the tens digit of 18814364?
6
What is the thousands digit of 16332660?
2
What is the tens digit of 1024635?
3
What is the hundred thousands digit of 338324?
3
What is the ten millions digit of 12628118?
1
What is the thousands digit of 7948906?
8
What is the units digit of 1554583?
3
What is the tens digit of 39460?
6
What is the ten thousands digit of 844333?
4
What is the units digit of 1073812?
2
What is the tens digit of 651473?
7
What is the thousands digit of 540675?
0
What is the hundreds digit of 533960?
9
What is the thousands digit of 80963?
0
What is the units digit of 339503?
3
What is the units digit of 11862118?
8
What is the hundreds digit of 2763170?
1
What is the tens digit of 26835?
3
What is the ten thousands digit of 62144?
6
What is the tens digit of 356207?
0
What is the hundred thousands digit of 1863055?
8
What is the hundreds digit of 525162?
1
What is the hundred thousands digit of 2061891?
0
What is the units digit of 2311913?
3
What is the units digit of 33496554?
4
What is the units digit of 2069906?
6
What is the hundred thousands digit of 13758137?
7
What is the hundreds digit of 1807878?
8
What is the tens digit of 6955141?
4
What is the ten thousands digit of 2452060?
5
What is the tens digit of 771383?
8
What is the thousands digit of 1659397?
9
What is the hundreds digit of 41548?
5
What is the hundreds digit of 6135365?
3
What is the thousands digit of 390675?
0
What is the hundreds digit of 9802132?
1
What is the hundred thousands digit of 2010941?
0
What is the hundreds digit of 28360?
3
What is the hundreds digit of 7831669?
6
What is the tens digit of 338327?
2
What is the tens digit of 69608?
0
What is the millions digit of 1278906?
1
What is the millions digit of 7436840?
7
What is the hundreds digit of 2403516?
5
What is the units digit of 161484?
4
What is the tens digit of 3621867?
6
What is the hundreds digit of 239360?
3
What is the hundred thousands digit of 836070?
8
What is the units digit of 748342?
2
What is the hundreds digit of 8127175?
1
What is the millions digit of 7023801?
7
What is the hundred thousands digit of 200278?
2
What is the tens digit of 811307?
0
What is the ten thousands digit of 482372?
8
What is the tens digit of 4071585?
8
What is the hundred thousands digit of 188752?
1
What is the thousands digit of 5834529?
4
What is the tens digit of 783477?
7
What is the millions digit of 24343373?
4
What is the hundred thousands digit of 196208?
1
What is the hundreds digit of 11307?
3
What is the thousands digit of 15663012?
3
What is the thousands digit of 22046770?
6
What is the hundred thousands digit of 636716?
6
What is the hundreds digit of 13407429?
4
What is the hundred thousands digit of 112002?
1
What is the units digit of 230510?
0
What is the hundreds digit of 585244?
2
What is the tens digit of 84494?
9
What is the units digit of 109363?
3
What is the thousands digit of 693857?
3
What is the hundred thousands digit of 2621715?
6
What is the millions digit of 32659217?
2
What is the thousands digit of 548754?
8
What is the hundred thousands digit of 23637234?
6
What is the hundred thousands digit of 3857323?
8
What is the hundreds digit of 670868?
8
What is the hundred thousands digit of 18191194?
1
What is the hundred thousands digit of 7589136?
5
What is the hundred thousands digit of 1219316?
2
What is the hundreds digit of 3895546?
5
What is the ten thousands digit of 327980?
2
What is the tens digit of 3066696?
9
What is the tens digit of 2196819?
1
What is the hundred thousands digit of 13542784?
5
What is the thousands digit of 287178?
7
What is the ten thousands digit of 610421?
1
What is the ten thou